
False
Suppose -62*i + 11247 = -59*i. Is i a composite number?
True
Let u(r) be the second derivative of -r**5/20 + r**4 - r**3/3 + 7*r**2/2 + 8*r. Let a(g) = -3*g. Let o be a(-2). Is u(o) a composite number?
False
Let h(y) = -y**3 + 15*y**2 - 9*y - 10. Let w be (-2)/9 - 238/(-18). Is h(w) a composite number?
False
Suppose -3*d = -0 - 12. Is 14/(-21)*(-1302)/d a prime number?
False
Let h(z) = z**2 + 187. Let g = -33 - -33. Is h(g) a composite number?
True
Let c(k) = 685*k**3 + k**2 - 2*k + 1. Let o(m) = -m**3 - 7*m**2 - 6*m + 1. Let g be o(-6). Let i be c(g). Suppose 4*u - i = 895. Is u prime?
False
Suppose 30 - 34 = -h. Is (1/h)/((-6)/(-312)) composite?
False
Suppose 0 = j - 5*c - 708, -5*j + 0*c = -2*c - 3609. Is j composite?
True
Let d be (-4)/(-30) + 384616/(-120). Let y = -2162 - d. Is y prime?
False
Suppose -u = -0 - 2. Suppose u*n + 18 = -n. Is ((-28)/n)/(20/1230) prime?
False
Let a = 3 - 0. Suppose 64 = -2*n + 5*u, -a*n + 6*n = -4*u - 96. Let k = -18 - n. Is k a prime number?
False
Let u(j) = -687*j - 8. Let z be u(-4). Suppose 4*l = 14*l - z. Is l a prime number?
False
Let w be -5*((-24)/(-15))/(-2). Suppose w*z - 123 = -t, 30 = -5*t - 3*z + 679. Is t prime?
True
Let c(d) = 6*d**2 + 3*d. Let i be c(3). Suppose 0*g = -3*g - i. Is (-87965)/(-35) - (-6)/g a composite number?
True
Let r(t) = 9*t**2 - t + 19. Is r(-28) composite?
False
Let s(b) = b**3 - 4*b**2 + 6*b - 9. Suppose -3*p - 9 = -3*x, 0*x = 3*x + p - 29. Let c be s(x). Is (-2 - (0 - -2)) + c composite?
True
Suppose -1199 - 4661 = -2*n. Suppose -27*b = -25*b - n. Is b composite?
True
Let b(p) = -p**3 + 10*p**2 + 24*p + 2. Let l be b(12). Is 19575/20 + 3*l/24 a composite number?
True
Suppose 5*f - 59 = -59. Suppose 0*p + 3*p - 2067 = f. Is p composite?
True
Suppose 0 = 5*x + 4*v - 74895, -x = -5*v - 14328 - 680. Is x a composite number?
False
Let h(v) = 71*v - 35. Let u be h(4). Suppose 5325 + u = 3*g. Is g a prime number?
False
Suppose -3*x = 2*f - 1, 4*f = -2*x + 9 - 3. Suppose -2*k + 2946 = f*o, -5*k = -2*o - 0*o + 2974. Is o a prime number?
False
Is 58383/(-6)*38/(-57) a composite number?
True
Is -13 + 24/3 - -36596 a composite number?
True
Suppose -3*y + 9 = -6. Let h(d) = -d**3 - 10*d**2 - d - 7. Let j(s) = 9*s**2 + s + 6. Let t(w) = -3*h(w) - 4*j(w). Is t(y) a prime number?
False
Suppose 44894 = 14*j - 361596. Is j prime?
False
Let h be 4 + 4 + (-2 - 1). Suppose -h*c + 2*b = -b + 13, -b = 4*c + 7. Is 262/(-3)*3/c prime?
True
Let g = 10956 - -1310. Is g prime?
False
Let j(d) = 8 + 13*d + 5*d**2 + 36 - 7 + 2*d**2. Is j(-6) a prime number?
True
Let n = 17 + -14. Suppose -n*x - 359 = -4*x + 4*q, 0 = 4*x - 4*q - 1496. Is x a composite number?
False
Suppose j = 4887 - 934. Is j a prime number?
False
Suppose j - 1 = -g, 3*j = 4*j + 3*g - 3. Suppose j = -s + 680 + 231. Is s prime?
True
Suppose 49*i - 52*i + 54 = 0. Suppose -i = 12*o - 3534. Is o composite?
False
Let y = 102 - 172. Let u = y - -157. Is u composite?
True
Let p(q) be the third derivative of q**5/60 + q**3 + 6*q**2. Let b be p(-7). Suppose 4*c - 29 = b. Is c a prime number?
False
Let k(l) = -12*l + 13*l + 3*l**2 - 2*l**2 + 32*l**2. Let o be k(-2). Let m = 47 + o. Is m prime?
False
Let q = -3 - 15. Let x be 10/(-3)*q/(-15). Is x + (1 - 2)*-25 a prime number?
False
Let h(n) = -n**2 - 9*n - 1. Let i be h(-6). Let l(d) = -d**3 - i*d - 2*d**2 - 4*d**2 + 25*d + 1. Is l(-8) a prime number?
False
Let t be (46/(-7))/(-4 - (-135)/35). Let w = 120 - t. Is w composite?
True
Suppose -127*u + 124*u + 21807 = 0. Is u prime?
False
Let v(r) = 15*r**2 - 5*r - 5. Let s be v(-2). Suppose 5*h + o = 6*o + s, 2*h - 4*o - 36 = 0. Suppose -11*p + 639 = -h*p. Is p a prime number?
False
Let t = 8 - 28. Is (t/30)/(4/(-1218)) a prime number?
False
Let f be (6/(-3) - -9*1047) + 3. Let q = f - 5135. Is q prime?
True
Let u be (3/(-2))/((-5)/(-80)). Is ((-7206)/u)/1*4/1 composite?
False
Suppose 4*n - v = 19, 3*n - 2*v + 1 - 9 = 0. Suppose -5*h = -3*f + 2, -f - n = 9*h - 4*h. Is 212 - (3 - h)/4 a prime number?
True
Let c = 21 - 15. Suppose -w - 3*j = -1 - c, 5*w - 5*j = 15. Is (-9918)/(-30) - w/(-10) composite?
False
Let x = -38442 - -56671. Is x prime?
True
Suppose -267 = -5404*u + 5403*u. Is u a prime number?
False
Suppose -5*w = 2*n - 70375, 3*w + 3*n = 8*w - 70350. Is w a composite number?
True
Let k(s) be the third derivative of 149*s**6/60 - s**5/60 + s**4/12 - s**3/6 + 4*s**2. Let m be k(1). Let h = m - 177. Is h prime?
False
Suppose 18486 + 8054 = 10*k. Is k prime?
False
Suppose 0 = -3*o + 6. Suppose -3*x + 14 = -4*j, 0 = -3*x - x - o*j + 26. Suppose x = 4*v + 22, -v - 1439 = -5*a. Is a a composite number?
True
Is (169878/12 - -2)/(18/12) composite?
False
Suppose 5*h - 149 = -4*r + 53, -3*r = -h - 142. Let n be 1 + 1 + -1 + 114. Let j = n - r. Is j a prime number?
True
Let q(c) = 2*c**2 - 7*c - 46. Let y be q(22). Let m = -355 + y. Is m a prime number?
False
Suppose -3*a = 3*o - 3, -3*a - 2 - 3 = -o. Suppose 10 = y + q, 4*q - o - 14 = 0. Is 213*(10/y)/5 prime?
True
Let w(z) = 167*z**3 - 2*z**2. Let a be w(1). Suppose -170*b + 6985 = -a*b. Is b a composite number?
True
Suppose 4*z - 54 = 10. Let k(v) = v**2 - 25*v - 13. Let m be k(z). Let n = -104 - m. Is n prime?
True
Suppose 70*c = 1773754 + 3920536. Is c prime?
False
Let n = -8 - -5. Let f be (6 - 3) + (-1 - n). Suppose -f*v - 8 + 418 = 0. Is v a prime number?
False
Let c be (1234/(-6))/(6/90). Is ((-4 - -3) + c)/(-2) a composite number?
False
Suppose -127 = -x - 5*k, -3*k + 2 = -5*k. Is (x - 5)/(2 + -1) a composite number?
False
Let y(x) = -x**3 + 2*x**2 + 16*x - 7. Let j be y(-9). Suppose 2*b - j - 104 = 0. Is b a composite number?
True
Let o = -3648 + 9697. Is o a composite number?
True
Is 55/(-11) - (-2284 - 12) prime?
False
Suppose 2*n = -3 - 3, -1471 = -2*u - 5*n. Is u a prime number?
True
Let i = -12 + 12. Suppose -u + 43 + 45 = i. Let v = 39 + u. Is v composite?
False
Suppose 0 = 4*q - 8*q. Suppose 16 = 2*y - u, u + u + 8 = q. Is (-4)/((-8)/2) + y prime?
True
Let k = -11 + 13. Suppose -k*h = -4*l + 16, 2*l = l - 3*h - 3. Suppose l*v - 247 = 224. Is v prime?
True
Let i(r) = 9*r**2 + 5*r + 17. Let t = -6 + -2. Is i(t) composite?
True
Let t(u) = 5 - 3 - 38*u + 16*u. Is t(-2) composite?
True
Suppose 0 = -d + 2*r + 9227, 3*r = r + 8. Is d composite?
True
Let r = 73879 - 31700. Is r a prime number?
True
Let q = -10 + 22. Let j be (q/2)/(-1 + 3). Is (2/j)/((-2)/(-447)) a prime number?
True
Let d be ((-1 - -4) + -3)*-1. Suppose -2*w + 387 + 615 = d. Is w a prime number?
False
Is 1 + 1/((-2)/32564*-7) a composite number?
True
Let w(v) = -19*v - 3. Let a be w(-3). Suppose 0 = -4*n + 7*n, 3*d + 2*n = a. Let p = d - 7. Is p a prime number?
True
Suppose 0 = 35*s - 164 + 24. Let o = -8 - -86. Suppose o = -s*f - 4*h + 362, -142 = -2*f + 3*h. Is f composite?
False
Suppose 2*c + 24452 = 4*w - 2*c, -3*c = 4*w - 24480. Is w prime?
False
Let z = 0 - -7. Suppose -2*j = 5*o - 48, -3*o + j + 2 = -18. Suppose o*i - 254 = z*i. Is i a composite number?
True
Let y = 1085 + 626. Is y prime?
False
Let w(p) = -p**3 + 9*p**2 - 4*p - 10. Suppose -2*c - 25 = -5*o + 4*o, -4*o + 90 = -3*c. Suppose o + 11 = 4*a. Is w(a) a composite number?
True
Let l be ((-12)/(-9))/(2/12). Suppose l*u + 2*u = 10870. Is u composite?
False
Suppose a - 6082 = -2*o, 5*o = -a - 0*a + 15205. Is o a prime number?
True
Let o(v) = -v**3 + 3*v**2 - v + 6. Let s be o(4). Let f(m) = m + 14. Let g be f(s). Suppose g = -2*b - 2*b + 568. Is b a prime number?
False
Suppose -12343 = -3*m + 4*i, 4*m - i - 8232 = 2*m. Is m a composite number?
True
Let p(v) = v**3 + 5*v**2 + 4*v + 2. Let z be p(-4). Suppose 5*o = c - 6*c + 6885, 4*o = z*c + 5532. Is o composite?
False
Let a(j) = j - 2. Let f be a(5). Suppose -658 = f*b - 5*b. Suppose b = -3*t + 4*t. Is t composite?
True
Let a(x) = -3*x + 18. Let m be a(9). Let w(l) = -l**2 + 3*l + 6. Let c be w(m). Let y = c + 281. Is y a composite number?
False
Suppose 0 = g + 4*i + 17, 0 = -3*g + 3*i + 9. Let v(l) = -143*l**3 - 2*l**2 - 2*l. Is v(g) prime?
False
Suppose -2 = 5*w + 3. Let d(v) = -2*v + 2. Let h be d(w). Is (-3 + 5)*1114/h a prime number?
True
Is -1671*(1 - 12/9) prime?
True
Suppose 4*r + l + 23035 - 76339 = 0, 16 = -4*l. Is r composite?
False
Let w = 2336 - 1337. Suppose 0 = 4*r + 3*n - w, -5*n + 10